{"id":11531,"date":"2021-08-06T19:58:18","date_gmt":"2021-08-06T17:58:18","guid":{"rendered":"https:\/\/www.sngenealogie.ch\/wp\/?page_id=11531"},"modified":"2021-08-07T09:10:34","modified_gmt":"2021-08-07T07:10:34","slug":"chronique-ducommun-dit-tinnon","status":"publish","type":"page","link":"https:\/\/www.sngenealogie.ch\/wp\/bulletins\/bulletin-54\/chronique-ducommun-dit-tinnon\/","title":{"rendered":"Chronique Ducommun-dit-Tinnon"},"content":{"rendered":"\t\t<div data-elementor-type=\"wp-page\" data-elementor-id=\"11531\" class=\"elementor elementor-11531\">\n\t\t\t\t\t\t<section class=\"elementor-section elementor-top-section elementor-element elementor-element-6c184fb4 elementor-section-boxed elementor-section-height-default elementor-section-height-default\" data-id=\"6c184fb4\" data-element_type=\"section\" data-e-type=\"section\" data-settings=\"{&quot;background_background&quot;:&quot;gradient&quot;}\">\n\t\t\t\t\t\t<div class=\"elementor-container elementor-column-gap-no\">\n\t\t\t\t\t<div class=\"elementor-column elementor-col-100 elementor-top-column elementor-element elementor-element-3c4f2430\" data-id=\"3c4f2430\" data-element_type=\"column\" data-e-type=\"column\">\n\t\t\t<div class=\"elementor-widget-wrap elementor-element-populated\">\n\t\t\t\t\t\t<div class=\"elementor-element elementor-element-28a7be6c elementor-widget elementor-widget-heading\" data-id=\"28a7be6c\" data-element_type=\"widget\" data-e-type=\"widget\" data-widget_type=\"heading.default\">\n\t\t\t\t<div class=\"elementor-widget-container\">\n\t\t\t\t\t<h5 class=\"elementor-heading-title elementor-size-default\">Bulletin 54 \/ Ao\u00fbt 2016<\/h5>\t\t\t\t<\/div>\n\t\t\t\t<\/div>\n\t\t\t\t<div class=\"elementor-element elementor-element-64b397dc elementor-widget elementor-widget-heading\" data-id=\"64b397dc\" data-element_type=\"widget\" data-e-type=\"widget\" data-widget_type=\"heading.default\">\n\t\t\t\t<div class=\"elementor-widget-container\">\n\t\t\t\t\t<h2 class=\"elementor-heading-title elementor-size-default\">Chronique des DUCOMMUN-dit-TINNON, du Locle et de La Chaux-de-Fonds<\/h2>\t\t\t\t<\/div>\n\t\t\t\t<\/div>\n\t\t\t\t\t<\/div>\n\t\t<\/div>\n\t\t\t\t\t<\/div>\n\t\t<\/section>\n\t\t\t\t<section class=\"elementor-section elementor-top-section elementor-element elementor-element-187d1c15 elementor-section-boxed elementor-section-height-default elementor-section-height-default\" data-id=\"187d1c15\" data-element_type=\"section\" data-e-type=\"section\">\n\t\t\t\t\t\t<div class=\"elementor-container elementor-column-gap-default\">\n\t\t\t\t\t<div class=\"elementor-column elementor-col-100 elementor-top-column elementor-element elementor-element-6539d444\" data-id=\"6539d444\" data-element_type=\"column\" data-e-type=\"column\">\n\t\t\t<div class=\"elementor-widget-wrap elementor-element-populated\">\n\t\t\t\t\t\t<div class=\"elementor-element elementor-element-8457048 elementor-widget elementor-widget-heading\" data-id=\"8457048\" data-element_type=\"widget\" data-e-type=\"widget\" data-widget_type=\"heading.default\">\n\t\t\t\t<div class=\"elementor-widget-container\">\n\t\t\t\t\t<h4 class=\"elementor-heading-title elementor-size-default\">par Maryse Gaudier<\/h4>\t\t\t\t<\/div>\n\t\t\t\t<\/div>\n\t\t\t\t<div class=\"elementor-element elementor-element-e7770b6 elementor-widget elementor-widget-spacer\" data-id=\"e7770b6\" data-element_type=\"widget\" data-e-type=\"widget\" data-widget_type=\"spacer.default\">\n\t\t\t\t<div class=\"elementor-widget-container\">\n\t\t\t\t\t\t\t<div class=\"elementor-spacer\">\n\t\t\t<div class=\"elementor-spacer-inner\"><\/div>\n\t\t<\/div>\n\t\t\t\t\t\t<\/div>\n\t\t\t\t<\/div>\n\t\t\t\t<div class=\"elementor-element elementor-element-4d49286 elementor-widget elementor-widget-text-editor\" data-id=\"4d49286\" data-element_type=\"widget\" data-e-type=\"widget\" data-widget_type=\"text-editor.default\">\n\t\t\t\t<div class=\"elementor-widget-container\">\n\t\t\t\t\t\t\t\t\t<p>Cette Chronique r\u00e9unit les traces que les DUCOMMUN-dit-TINNON ont laiss\u00e9es derri\u00e8re eux depuis le XIIe si\u00e8cle, \u00e9poque o\u00f9 ils se sont install\u00e9s pr\u00e8s du Locle, sur un territoire nomm\u00e9 Valanvron, \u00e0 1908, ann\u00e9e du mariage de ma grand-m\u00e8re Jeanne Eug\u00e9nie.<\/p><p>Elle m\u00eale l&rsquo;Histoire et l&rsquo;anecdote, l&rsquo;Ev\u00e8nement et le fait divers, la marche solennelle du temps et la suite des petites heures des Tinnon. Elle \u00e9claire la vie de ces \u00eatres ordinaires, paysans, \u00e9leveurs, marchands de fer, fondeurs, forgerons, horlogers qui ont\u00a0 remarquablement su marcher avec leur temps et s&rsquo;adapter \u00e0 l&rsquo;\u00e9volution du monde, voire la devancer.<\/p><p>Chacun en son temps, ils prennent leur place dans la petite et la grande histoire dont ils sont \u00e0 la fois les acteurs et les t\u00e9moins. Le fil de leurs vies se d\u00e9roule au jour le jour ; leurs portraits se dessinent ; au regard du temps, leurs actions, m\u00eame les plus simples, prennent sens, d&rsquo;Octenin, le d\u00e9fricheur, \u00e0 Elie, le prix Nobel de la Paix&#8230;<\/p><p>Et au-del\u00e0 de leur histoire, de celle de leur famille et de leurs voisins, l&rsquo;histoire de l&rsquo;horlogerie et du Pays de Neuch\u00e2tel.<\/p><p style=\"padding-left: 40px;\">A commander chez l&rsquo;auteur : margaud@bluewin.ch<br \/>Participation au frais d&rsquo;impression et d&rsquo;envoi : CHF 15.-<\/p>\t\t\t\t\t\t\t\t<\/div>\n\t\t\t\t<\/div>\n\t\t\t\t<div class=\"elementor-element elementor-element-2e7d33e elementor-widget elementor-widget-text-editor\" data-id=\"2e7d33e\" data-element_type=\"widget\" data-e-type=\"widget\" data-widget_type=\"text-editor.default\">\n\t\t\t\t<div class=\"elementor-widget-container\">\n\t\t\t\t\t\t\t\t\t<p>La pr\u00e9sentation de ce travail de 145 pages est assez originale. La colonne vert\u00e9brale n&rsquo;est pas l&rsquo;arbre g\u00e9n\u00e9alogique familial, comme c&rsquo;est g\u00e9n\u00e9ralement le cas, mais un encha\u00eenement chronologique, dans lequel la succession des g\u00e9n\u00e9rations est pr\u00e9sent\u00e9e dans des cadres gris\u00e9s, facilement rep\u00e9rables, auxquels on peut revenir \u00e0 tout moment. La lecture y gagne en fluidit\u00e9 et est tr\u00e8s agr\u00e9able.<\/p><p>L&rsquo;ouvrage est divis\u00e9 en quatre grands chapitres : Les pionniers du Valanvron &#8211; Les forgerons du bon pa\u00efs &#8211; Les ma\u00eetres des \u00ab orologes \u00bb &#8211; Les artisans du nouveau monde. A l&rsquo;int\u00e9rieur des chapitres, ce sont de petits paragraphes, ind\u00e9pendants les uns des autres, qui racontent les Tinnon dans leur contexte au fils des jours. Les sources sont toujours cit\u00e9es, et les huit pages de bibliographie, tout comme le petit lexique du vocabulaire neuch\u00e2telois, pourront \u00eatre utiles \u00e0 bien d&rsquo;autres amateurs \u00e0 la recherche de leur histoire familiale.<\/p><p style=\"text-align: right;\">Fran\u00e7oise Favre<\/p>\t\t\t\t\t\t\t\t<\/div>\n\t\t\t\t<\/div>\n\t\t\t\t\t<\/div>\n\t\t<\/div>\n\t\t\t\t\t<\/div>\n\t\t<\/section>\n\t\t\t\t<section class=\"elementor-section elementor-top-section elementor-element elementor-element-394a1564 elementor-section-boxed elementor-section-height-default elementor-section-height-default\" data-id=\"394a1564\" data-element_type=\"section\" data-e-type=\"section\">\n\t\t\t\t\t\t<div class=\"elementor-container elementor-column-gap-default\">\n\t\t\t\t\t<div class=\"elementor-column elementor-col-33 elementor-top-column elementor-element elementor-element-2e538c5c\" data-id=\"2e538c5c\" data-element_type=\"column\" data-e-type=\"column\">\n\t\t\t<div class=\"elementor-widget-wrap elementor-element-populated\">\n\t\t\t\t\t\t<div class=\"elementor-element elementor-element-824257a elementor-widget elementor-widget-button\" data-id=\"824257a\" data-element_type=\"widget\" data-e-type=\"widget\" data-widget_type=\"button.default\">\n\t\t\t\t<div class=\"elementor-widget-container\">\n\t\t\t\t\t\t\t\t\t<div class=\"elementor-button-wrapper\">\n\t\t\t\t\t<a class=\"elementor-button elementor-button-link elementor-size-sm\" href=\"https:\/\/www.sngenealogie.ch\/wp\/bulletins\/bulletin-54\/noble-compagnie-des-mousquetaires\/\">\n\t\t\t\t\t\t<span class=\"elementor-button-content-wrapper\">\n\t\t\t\t\t\t<span class=\"elementor-button-icon\">\n\t\t\t\t<i aria-hidden=\"true\" class=\"fas fa-arrow-left\"><\/i>\t\t\t<\/span>\n\t\t\t\t\t\t\t\t\t<span class=\"elementor-button-text\">Article pr\u00e9c\u00e9dent<\/span>\n\t\t\t\t\t<\/span>\n\t\t\t\t\t<\/a>\n\t\t\t\t<\/div>\n\t\t\t\t\t\t\t\t<\/div>\n\t\t\t\t<\/div>\n\t\t\t\t\t<\/div>\n\t\t<\/div>\n\t\t\t\t<div class=\"elementor-column elementor-col-33 elementor-top-column elementor-element elementor-element-99cc7f\" data-id=\"99cc7f\" data-element_type=\"column\" data-e-type=\"column\">\n\t\t\t<div class=\"elementor-widget-wrap elementor-element-populated\">\n\t\t\t\t\t\t<div class=\"elementor-element elementor-element-7414bc44 elementor-align-center elementor-widget elementor-widget-button\" data-id=\"7414bc44\" data-element_type=\"widget\" data-e-type=\"widget\" data-widget_type=\"button.default\">\n\t\t\t\t<div class=\"elementor-widget-container\">\n\t\t\t\t\t\t\t\t\t<div class=\"elementor-button-wrapper\">\n\t\t\t\t\t<a class=\"elementor-button elementor-button-link elementor-size-sm\" href=\"https:\/\/www.sngenealogie.ch\/wp\/bulletins\/bulletin-54\/\">\n\t\t\t\t\t\t<span class=\"elementor-button-content-wrapper\">\n\t\t\t\t\t\t<span class=\"elementor-button-icon\">\n\t\t\t\t<i aria-hidden=\"true\" class=\"fas fa-arrow-up\"><\/i>\t\t\t<\/span>\n\t\t\t\t\t\t\t\t\t<span class=\"elementor-button-text\">Bulletin 54<\/span>\n\t\t\t\t\t<\/span>\n\t\t\t\t\t<\/a>\n\t\t\t\t<\/div>\n\t\t\t\t\t\t\t\t<\/div>\n\t\t\t\t<\/div>\n\t\t\t\t\t<\/div>\n\t\t<\/div>\n\t\t\t\t<div class=\"elementor-column elementor-col-33 elementor-top-column elementor-element elementor-element-35e0edd6\" data-id=\"35e0edd6\" data-element_type=\"column\" data-e-type=\"column\">\n\t\t\t<div class=\"elementor-widget-wrap\">\n\t\t\t\t\t\t\t<\/div>\n\t\t<\/div>\n\t\t\t\t\t<\/div>\n\t\t<\/section>\n\t\t\t\t<\/div>\n\t\t","protected":false},"excerpt":{"rendered":"<p>Bulletin 54 \/ Ao\u00fbt 2016 Chronique des DUCOMMUN-dit-TINNON, du Locle et de La Chaux-de-Fonds par Maryse Gaudier Cette Chronique r\u00e9unit [&hellip;]<\/p>\n","protected":false},"author":1,"featured_media":0,"parent":2525,"menu_order":0,"comment_status":"closed","ping_status":"closed","template":"","meta":{"site-sidebar-layout":"no-sidebar","site-content-layout":"page-builder","ast-site-content-layout":"default","site-content-style":"default","site-sidebar-style":"default","ast-global-header-display":"","ast-banner-title-visibility":"","ast-main-header-display":"","ast-hfb-above-header-display":"","ast-hfb-below-header-display":"","ast-hfb-mobile-header-display":"","site-post-title":"disabled","ast-breadcrumbs-content":"","ast-featured-img":"disabled","footer-sml-layout":"","ast-disable-related-posts":"","theme-transparent-header-meta":"default","adv-header-id-meta":"","stick-header-meta":"","header-above-stick-meta":"","header-main-stick-meta":"","header-below-stick-meta":"","astra-migrate-meta-layouts":"default","ast-page-background-enabled":"default","ast-page-background-meta":{"desktop":{"background-color":"","background-image":"","background-repeat":"repeat","background-position":"center center","background-size":"auto","background-attachment":"scroll","background-type":"","background-media":"","overlay-type":"","overlay-color":"","overlay-opacity":"","overlay-gradient":""},"tablet":{"background-color":"","background-image":"","background-repeat":"repeat","background-position":"center center","background-size":"auto","background-attachment":"scroll","background-type":"","background-media":"","overlay-type":"","overlay-color":"","overlay-opacity":"","overlay-gradient":""},"mobile":{"background-color":"","background-image":"","background-repeat":"repeat","background-position":"center center","background-size":"auto","background-attachment":"scroll","background-type":"","background-media":"","overlay-type":"","overlay-color":"","overlay-opacity":"","overlay-gradient":""}},"ast-content-background-meta":{"desktop":{"background-color":"var(--ast-global-color-5)","background-image":"","background-repeat":"repeat","background-position":"center center","background-size":"auto","background-attachment":"scroll","background-type":"","background-media":"","overlay-type":"","overlay-color":"","overlay-opacity":"","overlay-gradient":""},"tablet":{"background-color":"var(--ast-global-color-5)","background-image":"","background-repeat":"repeat","background-position":"center center","background-size":"auto","background-attachment":"scroll","background-type":"","background-media":"","overlay-type":"","overlay-color":"","overlay-opacity":"","overlay-gradient":""},"mobile":{"background-color":"var(--ast-global-color-5)","background-image":"","background-repeat":"repeat","background-position":"center center","background-size":"auto","background-attachment":"scroll","background-type":"","background-media":"","overlay-type":"","overlay-color":"","overlay-opacity":"","overlay-gradient":""}},"footnotes":""},"wf_page_folders":[69],"class_list":["post-11531","page","type-page","status-publish","hentry"],"_links":{"self":[{"href":"https:\/\/www.sngenealogie.ch\/wp\/wp-json\/wp\/v2\/pages\/11531","targetHints":{"allow":["GET"]}}],"collection":[{"href":"https:\/\/www.sngenealogie.ch\/wp\/wp-json\/wp\/v2\/pages"}],"about":[{"href":"https:\/\/www.sngenealogie.ch\/wp\/wp-json\/wp\/v2\/types\/page"}],"author":[{"embeddable":true,"href":"https:\/\/www.sngenealogie.ch\/wp\/wp-json\/wp\/v2\/users\/1"}],"replies":[{"embeddable":true,"href":"https:\/\/www.sngenealogie.ch\/wp\/wp-json\/wp\/v2\/comments?post=11531"}],"version-history":[{"count":8,"href":"https:\/\/www.sngenealogie.ch\/wp\/wp-json\/wp\/v2\/pages\/11531\/revisions"}],"predecessor-version":[{"id":11560,"href":"https:\/\/www.sngenealogie.ch\/wp\/wp-json\/wp\/v2\/pages\/11531\/revisions\/11560"}],"up":[{"embeddable":true,"href":"https:\/\/www.sngenealogie.ch\/wp\/wp-json\/wp\/v2\/pages\/2525"}],"wp:attachment":[{"href":"https:\/\/www.sngenealogie.ch\/wp\/wp-json\/wp\/v2\/media?parent=11531"}],"wp:term":[{"taxonomy":"wf_page_folders","embeddable":true,"href":"https:\/\/www.sngenealogie.ch\/wp\/wp-json\/wp\/v2\/wf_page_folders?post=11531"}],"curies":[{"name":"wp","href":"https:\/\/api.w.org\/{rel}","templated":true}]}}

<div data-elementor-type="wp-page" data-elementor-id="11531" class="elementor elementor-11531">
						<section class="elementor-section elementor-top-section elementor-element elementor-element-6c184fb4 elementor-section-boxed elementor-section-height-default elementor-section-height-default" data-id="6c184fb4" data-element_type="section" data-e-type="section" data-settings="{&quot;background_background&quot;:&quot;gradient&quot;}">
						<div class="elementor-container elementor-column-gap-no">
					<div class="elementor-column elementor-col-100 elementor-top-column elementor-element elementor-element-3c4f2430" data-id="3c4f2430" data-element_type="column" data-e-type="column">
			<div class="elementor-widget-wrap elementor-element-populated">
						<div class="elementor-element elementor-element-28a7be6c elementor-widget elementor-widget-heading" data-id="28a7be6c" data-element_type="widget" data-e-type="widget" data-widget_type="heading.default">
				<div class="elementor-widget-container">
					<h5 class="elementor-heading-title elementor-size-default">Bulletin 54 / Août 2016</h5>				</div>
				</div>
				<div class="elementor-element elementor-element-64b397dc elementor-widget elementor-widget-heading" data-id="64b397dc" data-element_type="widget" data-e-type="widget" data-widget_type="heading.default">
				<div class="elementor-widget-container">
					<h2 class="elementor-heading-title elementor-size-default">Chronique des DUCOMMUN-dit-TINNON, du Locle et de La Chaux-de-Fonds</h2>				</div>
				</div>
					</div>
		</div>
					</div>
		</section>
				<section class="elementor-section elementor-top-section elementor-element elementor-element-187d1c15 elementor-section-boxed elementor-section-height-default elementor-section-height-default" data-id="187d1c15" data-element_type="section" data-e-type="section">
						<div class="elementor-container elementor-column-gap-default">
					<div class="elementor-column elementor-col-100 elementor-top-column elementor-element elementor-element-6539d444" data-id="6539d444" data-element_type="column" data-e-type="column">
			<div class="elementor-widget-wrap elementor-element-populated">
						<div class="elementor-element elementor-element-8457048 elementor-widget elementor-widget-heading" data-id="8457048" data-element_type="widget" data-e-type="widget" data-widget_type="heading.default">
				<div class="elementor-widget-container">
					<h4 class="elementor-heading-title elementor-size-default">par Maryse Gaudier</h4>				</div>
				</div>
				<div class="elementor-element elementor-element-e7770b6 elementor-widget elementor-widget-spacer" data-id="e7770b6" data-element_type="widget" data-e-type="widget" data-widget_type="spacer.default">
				<div class="elementor-widget-container">
							<div class="elementor-spacer">
			<div class="elementor-spacer-inner"></div>
		</div>
						</div>
				</div>
				<div class="elementor-element elementor-element-4d49286 elementor-widget elementor-widget-text-editor" data-id="4d49286" data-element_type="widget" data-e-type="widget" data-widget_type="text-editor.default">
				<div class="elementor-widget-container">
									<p>Cette Chronique réunit les traces que les DUCOMMUN-dit-TINNON ont laissées derrière eux depuis le XIIe siècle, époque où ils se sont installés près du Locle, sur un territoire nommé Valanvron, à 1908, année du mariage de ma grand-mère Jeanne Eugénie.</p><p>Elle mêle l&rsquo;Histoire et l&rsquo;anecdote, l&rsquo;Evènement et le fait divers, la marche solennelle du temps et la suite des petites heures des Tinnon. Elle éclaire la vie de ces êtres ordinaires, paysans, éleveurs, marchands de fer, fondeurs, forgerons, horlogers qui ont  remarquablement su marcher avec leur temps et s&rsquo;adapter à l&rsquo;évolution du monde, voire la devancer.</p><p>Chacun en son temps, ils prennent leur place dans la petite et la grande histoire dont ils sont à la fois les acteurs et les témoins. Le fil de leurs vies se déroule au jour le jour ; leurs portraits se dessinent ; au regard du temps, leurs actions, même les plus simples, prennent sens, d&rsquo;Octenin, le défricheur, à Elie, le prix Nobel de la Paix&#8230;</p><p>Et au-delà de leur histoire, de celle de leur famille et de leurs voisins, l&rsquo;histoire de l&rsquo;horlogerie et du Pays de Neuchâtel.</p><p style="padding-left: 40px;">A commander chez l&rsquo;auteur : margaud@bluewin.ch<br />Participation au frais d&rsquo;impression et d&rsquo;envoi : CHF 15.-</p>								</div>
				</div>
				<div class="elementor-element elementor-element-2e7d33e elementor-widget elementor-widget-text-editor" data-id="2e7d33e" data-element_type="widget" data-e-type="widget" data-widget_type="text-editor.default">
				<div class="elementor-widget-container">
									<p>La présentation de ce travail de 145 pages est assez originale. La colonne vertébrale n&rsquo;est pas l&rsquo;arbre généalogique familial, comme c&rsquo;est généralement le cas, mais un enchaînement chronologique, dans lequel la succession des générations est présentée dans des cadres grisés, facilement repérables, auxquels on peut revenir à tout moment. La lecture y gagne en fluidité et est très agréable.</p><p>L&rsquo;ouvrage est divisé en quatre grands chapitres : Les pionniers du Valanvron &#8211; Les forgerons du bon païs &#8211; Les maîtres des « orologes » &#8211; Les artisans du nouveau monde. A l&rsquo;intérieur des chapitres, ce sont de petits paragraphes, indépendants les uns des autres, qui racontent les Tinnon dans leur contexte au fils des jours. Les sources sont toujours citées, et les huit pages de bibliographie, tout comme le petit lexique du vocabulaire neuchâtelois, pourront être utiles à bien d&rsquo;autres amateurs à la recherche de leur histoire familiale.</p><p style="text-align: right;">Françoise Favre</p>								</div>
				</div>
					</div>
		</div>
					</div>
		</section>
				<section class="elementor-section elementor-top-section elementor-element elementor-element-394a1564 elementor-section-boxed elementor-section-height-default elementor-section-height-default" data-id="394a1564" data-element_type="section" data-e-type="section">
						<div class="elementor-container elementor-column-gap-default">
					<div class="elementor-column elementor-col-33 elementor-top-column elementor-element elementor-element-2e538c5c" data-id="2e538c5c" data-element_type="column" data-e-type="column">
			<div class="elementor-widget-wrap elementor-element-populated">
						<div class="elementor-element elementor-element-824257a elementor-widget elementor-widget-button" data-id="824257a" data-element_type="widget" data-e-type="widget" data-widget_type="button.default">
				<div class="elementor-widget-container">
									<div class="elementor-button-wrapper">
					<a class="elementor-button elementor-button-link elementor-size-sm" href="https://www.sngenealogie.ch/wp/bulletins/bulletin-54/noble-compagnie-des-mousquetaires/">
						<span class="elementor-button-content-wrapper">
						<span class="elementor-button-icon">
				<i aria-hidden="true" class="fas fa-arrow-left"></i>			</span>
									<span class="elementor-button-text">Article précédent</span>
					</span>
					</a>
				</div>
								</div>
				</div>
					</div>
		</div>
				<div class="elementor-column elementor-col-33 elementor-top-column elementor-element elementor-element-99cc7f" data-id="99cc7f" data-element_type="column" data-e-type="column">
			<div class="elementor-widget-wrap elementor-element-populated">
						<div class="elementor-element elementor-element-7414bc44 elementor-align-center elementor-widget elementor-widget-button" data-id="7414bc44" data-element_type="widget" data-e-type="widget" data-widget_type="button.default">
				<div class="elementor-widget-container">
									<div class="elementor-button-wrapper">
					<a class="elementor-button elementor-button-link elementor-size-sm" href="https://www.sngenealogie.ch/wp/bulletins/bulletin-54/">
						<span class="elementor-button-content-wrapper">
						<span class="elementor-button-icon">
				<i aria-hidden="true" class="fas fa-arrow-up"></i>			</span>
									<span class="elementor-button-text">Bulletin 54</span>
					</span>
					</a>
				</div>
								</div>
				</div>
					</div>
		</div>
				<div class="elementor-column elementor-col-33 elementor-top-column elementor-element elementor-element-35e0edd6" data-id="35e0edd6" data-element_type="column" data-e-type="column">
			<div class="elementor-widget-wrap">
							</div>
		</div>
					</div>
		</section>
				</div>

<p>Bulletin 54 / Août 2016 Chronique des DUCOMMUN-dit-TINNON, du Locle et de La Chaux-de-Fonds par Maryse Gaudier Cette Chronique réunit [&hellip;]</p>
